36*l = -41*l + 26292 + 26299. What are the prime factors of l?
683
Let d = 7404 - -16222. List the prime factors of d.
2, 11813
What are the prime factors of (6 - -3 - (3 + 356744/(-32)))*4?
44617
Suppose 4*a = -0 - 196. Let o be (-2)/(-7) + (-4445)/a. Suppose -86 = -d + 2*l, o = -5*d + 4*l + 527. What are the prime factors of d?
2, 11
Let u = 198 - 339. Let a = u - -300. List the prime factors of a.
3, 53
Suppose -761621 = -3*l - 20*l + 738209. What are the prime factors of l?
2, 5, 6521
Suppose 0 = 73*a - 111*a + 405954. What are the prime factors of a?
3, 1187
Let w be 185 - (-1)/(3 + 0 + -2). Let o = w + -112. Suppose j = -0*j + o. What are the prime factors of j?
2, 37
Suppose 20*h + 181 - 1201 = 0. List the prime factors of (-17)/h*(-3)/(-1) - -259.
2, 3, 43
Suppose 3*w - 2*a - 559 = 0, w = -2*a + 88 + 109. Let s = w - -128. What are the prime factors of s?
317
Suppose -2*b + 161 = 161. Suppose b = -42*r - 1805 + 12725. What are the prime factors of r?
2, 5, 13
Suppose -3*f = u + 190, 4*u - 150 - 65 = 3*f. List the prime factors of 4/(-14) + (f/(-7) - 6).
3
Let j be (32/(-40))/((-4)/10). Suppose -5*g - w - 2*w = -2990, j*w - 2392 = -4*g. List the prime factors of g.
2, 13, 23
Let h(o) = -17 - 15 - o**3 - 5*o**2 - 9 - 2*o + 47. Let y be h(-3). What are the prime factors of -2*(y/(-2) - 32)?
2, 29
Let l = -23 + 12. Let k(w) = w**2 - 3*w + 11. Let j be k(l). List the prime factors of (-1)/2*(-1 + j/(-1)).
83
List the prime factors of ((-5)/40)/((-1)/(-2)) - (-47050)/200.
5, 47
Let v = 57201 - 16410. What are the prime factors of v?
3, 13597
Suppose -z - 60 = -65. List the prime factors of 0 - (z + -3) - -128.
2, 3, 7
Let s = -808 + 328. Let r be (s + 5 + -2)*-1. What are the prime factors of r/36 + (-2)/8?
13
Let d be (-11)/5 + ((-20)/(-5))/20. Let r be d*3*1/((-8)/820). Suppose -2*i + 7*i = r. What are the prime factors of i?
3, 41
Let l = 338 - 334. Suppose 2*d - 2603 = -3*k, -7*k = -4*k + l*d - 2599. What are the prime factors of k?
11, 79
Suppose 28*o - 113247 - 405 = 0. List the prime factors of o.
3, 11, 41
Let s be ((-2)/(-3))/((-4)/(-60)). Let h be (-5 + 2202/s)/((-4)/(-10)). Suppose 4*n = 2 + 2, 3*m + 4*n - h = 0. What are the prime factors of m?
2, 89
Let h = -132 + 85. Let p = -49 - h. List the prime factors of (-648)/12*p/4 - 3.
2, 3
Let t = 110050 + -58805. What are the prime factors of t?
5, 37, 277
Let m = 71 - -8. Suppose -4*q + 329 = -m. Let g = -52 + q. What are the prime factors of g?
2, 5
Suppose 35742 = 3*k - 5*j, -k = -23*j + 19*j - 11921. What are the prime factors of k?
11909
Suppose 3*u = -5*d - 6, -d = 4*u - 3*d + 34. Let v(a) = -a**2 - 12*a - 20. Let x be v(u). Suppose -2*h + 171 = x. What are the prime factors of h?
2, 3, 13
Suppose -r - 2 = 0, -10538 = -u - 3*u - 3*r. List the prime factors of u.
2, 659
Let l be ((-12)/(-8))/((-3)/(-50)). Suppose -i + l = -79. Suppose -3*b + h = -4*h - i, -b + h + 36 = 0. What are the prime factors of b?
2, 19
Suppose 0 = -42*u - 50880 + 146556. What are the prime factors of u?
2, 17, 67
Suppose -4*h + 1141 = j, -5*h + h + 5*j = -1159. Suppose h*q = 287*q - 976. What are the prime factors of q?
2, 61
What are the prime factors of (-47042)/(-12) + (-129)/774?
2, 5, 7
Let s(n) = 45*n + 22. Let w be s(-4). Let g be w/(-8)*-2*2/1. Let u = 135 + g. What are the prime factors of u?
2, 7
Let t(j) = 45*j - 354. Let g be t(8). Let d(v) = 49*v**2 - 19*v + 45. List the prime factors of d(g).
3, 5, 113
Suppose 987590 = -250*k + 311*k. List the prime factors of k.
2, 5, 1619
List the prime factors of (1735476/870)/(4/10).
4987
Let c(q) = -5*q + 38. Let n(f) = -7*f + 38. Let k(h) = 3*c(h) - 2*n(h). List the prime factors of k(0).
2, 19
Let p(g) = -g**3 - g**2 + 11. Let j be p(0). Let i be (-32)/48*405/(-10). Suppose -j*r = -i*r + 2048. What are the prime factors of r?
2
List the prime factors of ((-162794)/69)/((-20)/510).
17, 3539
Let u be -6 + 2/3*(-27)/(-6). Let c be ((-2)/u)/(2/6). List the prime factors of (18/(-5))/(c/(-5)).
3
Let t = -14 - -15. Let c = 1 + t. What are the prime factors of 4/(-14) - (c + 1250/(-14))?
3, 29
Let d(k) = 68*k + 2127. Let l be d(-31). Let w be (1/1)/((-3)/(-69)). Let m = l + w. What are the prime factors of m?
2, 3, 7
Let n = 22748 - -17370. List the prime factors of n.
2, 13, 1543
Let g = 1081 - 345. Suppose -3*l - 558 = p, g = -0*l - 4*l - 4*p. Let v = -96 - l. List the prime factors of v.
7, 13
Suppose -623 = 3*v - 2*g, 2*v - 3*g + 7*g = -442. Let k = 821 + v. List the prime factors of k.
2, 5, 61
Let p(r) = 15*r**2 - 38*r. Let x(a) = -3*a**2 + 42*a - 30. Let y be x(13). What are the prime factors of p(y)?
3, 97
List the prime factors of (-929*(0 - -4))/((147/28)/(-21)).
2, 929
Let c(j) = -2*j + 22. Let i be c(7). Let d(u) = u**2 - 9*u + 18. Let a be d(i). Suppose l + 3*r - a = 99, l - 3*r = 97. What are the prime factors of l?
103
Let h(w) = -13*w + 1513. Let l be h(0). Let r = 56 + l. What are the prime factors of r?
3, 523
Let q(f) be the first derivative of f**3/3 + 27*f**2/2 + 56*f - 1. Let d be q(-23). Let g = 76 - d. What are the prime factors of g?
2, 7
Suppose -4*r + 722 = -2*r - 2*t, 0 = 2*r + 3*t - 742. Suppose 279*y - r = 278*y. List the prime factors of y.
5, 73
Let x be 3/4*-2 + (-156)/(-8). Let d be 4*(-2 + 22 + 2) - 2. Suppose x*r - 20*r = -d. What are the prime factors of r?
43
Let s(w) = 5296*w**3 + 6*w**2 - 8*w + 2. List the prime factors of s(1).
2, 331
Suppose 2*z + 5*y - 9 = 6*y, -5*y - 20 = -5*z. List the prime factors of (-11)/((-330)/(-4236))*z/(-1).
2, 353
Let t be (4/10)/(4/3130). Let o = t + -187. List the prime factors of o.
2, 3, 7
Let l = 60 - 35. Suppose 3*h = -5*r - 2*h - l, h + 6 = -2*r. What are the prime factors of 10 + 0 + (r - 0)?
3
Let r = -2395 + 526. Let d = 3479 + r. What are the prime factors of d/20 + 2/4?
3
Suppose 1231*v - 19516 = 1229*v - 1014. List the prime factors of v.
11, 29
Suppose -3*t - 10972 + 1572 = -5*t. What are the prime factors of t?
2, 5, 47
Suppose 445521 = 466*b - 174*b - 1099451. What are the prime factors of b?
11, 13, 37
Let q = 2 - -10. Suppose -14*z = -13*z - q. Let i(d) = d**2 + 4*d - 31. List the prime factors of i(z).
7, 23
What are the prime factors of ((-130)/92 + 34/(-391))*-778?
3, 389
Suppose 0 = 2*q + 2*w - 12, q - 17 + 8 = -4*w. Suppose 5*z = q*j - 480, 0*j = -5*j - 3*z + 488. List the prime factors of j.
97
Suppose -i + 43367 = 5*k, -8663 = -k + 9*i - 4*i. List the prime factors of k.
3, 7, 59
Let g = 118 - 114. Suppose 4*m + 313 = -m + 2*h, 3*m = -g*h - 193. List the prime factors of ((-42)/m)/(2/543).
181
Let w(i) = 38*i**2 + 8*i - 156. What are the prime factors of w(7)?
2, 881
Let w = 499 + -497. Suppose 4*m - 86 = 3*m. Suppose -2*j = -w - m. List the prime factors of j.
2, 11
Suppose 0 = -60*f + 71*f - 35794. Suppose 2*y - 1642 = 5*v, -7*y + 3*y - 5*v = -f. List the prime factors of y.
2, 3, 17
Let w be 44/(-33) - (-31)/3. Suppose -4*k + w*k = 435. Suppose 351 = 6*s - k. List the prime factors of s.
73
List the prime factors of 171/171*(-1 + (3064 - 2)).
3061
Let c(i) = -i**2 + 95*i + 735. List the prime factors of c(91).
7, 157
What are the prime factors of (4 - -2847)/((-7)/(-28))?
2, 2851
Let h(d) = -7392*d - 275. List the prime factors of h(-2).
11, 1319
Suppose -4*q + 39869 = 4*o + 773, 0 = -2*q + 12. List the prime factors of o.
2, 3, 11, 37
Suppose 7*j - 17*j + 50 = 0. Suppose -240 = -3*s + 4*l + 1246, -j*l = 5*s - 2535. Suppose -o - d = o - 333, 4*d - s = -3*o. What are the prime factors of o?
2, 83
Let h(s) be the third derivative of s**6/120 + 3*s**5/10 + s**4/6 - 22*s**3/3 + 11*s**2. What are the prime factors of h(-17)?
3, 59
Suppose 16*b - 5 = 75. Let r(h) = -h**2 + 22*h + 13. What are the prime factors of r(b)?
2, 7
Let h be -4 + (-16)/(-12)*36/16. Let j be (4 - h) + (-5 - 334). Let b = j + 593. What are the prime factors of b?
7, 37
Suppose -19981 - 1007 = -6*h. Suppose o + 10*o = h. List the prime factors of o.
2, 3, 53
Suppose 0 = -16*b + 2*b + 4256. Suppose 0*u + b = 8*u. What are the prime factors of -1*2 + 33 + u?
3, 23
Suppose -m + 596 = 3*o, -138 - 854 = -5*o - 2*m. Let w = o - -314. What are the prime factors of w?
2, 257
Suppose -40*n + 126*n = 330326. What are the prime factors of n?
23, 167
List the prime factors of ((-7677)/(-18) + 4)*2.
3,